e units digit of m?
6
Suppose -3*r = 5*v - 3470 + 292, 4*v + 5235 = 5*r. What is the thousands digit of r?
1
Let o = 30 - 18. Suppose o*s - 15*s + 30 = 0. What is the tens digit of s?
1
Suppose -3*g = -5*q - 15088, 1156 = -3*g - 4*q + 16226. What is the hundreds digit of g?
0
Suppose 78 + 12 = 3*a. Suppose l = 6*l - a. What is the units digit of l?
6
Let v = 146 - -239. Suppose u = -5*n - 4*u + v, 154 = 2*n - 4*u. What is the tens digit of n?
7
Suppose 8 = -4*p - 0*p. What is the tens digit of p - (-16)/7 - (-467)/7?
6
Let w(x) = -14*x**3 - 15*x**2 + 3*x + 15. What is the hundreds digit of w(-7)?
0
Let d be (70/12)/(-7)*-6. Suppose d*c - 3*c = j + 214, -c + 106 = -j. What is the units digit of c?
8
Let l(k) = k - 3. Let g be l(-2). What is the tens digit of (2/g)/(1/(-55))?
2
What is the tens digit of (-6 + 56/12)*-1263?
8
Let f(j) = 11 - 9*j + 8*j + 2*j. What is the units digit of f(4)?
5
Suppose -1 + 3 = 2*t. Let g(v) = 32*v**3 - 2*v**2 + 3*v - 2. What is the tens digit of g(t)?
3
Let r(k) = -6*k + 9. Let w be r(-3). Let y be (-3)/1*(-36)/w. What is the units digit of ((-8)/12)/(y/(-162))?
7
Let u = -126 + 437. What is the tens digit of u?
1
Suppose 1433*n - 1418*n = 77760. What is the thousands digit of n?
5
Suppose -4*r - 448 = -4*z, 5*r - 22 + 134 = z. Suppose -4*k - 3*u = -z, -112 = -0*k - 4*k - u. What is the units digit of k?
8
Suppose 11 = 5*s + 1. Let h(f) = 2*f. Let c be h(1). Suppose 2*x = s + c. What is the units digit of x?
2
Let t be 3 + (-4)/4 + 0. Let c be (t/4)/(2/(-4)). What is the tens digit of c/(-5) + 516/20?
2
Let w(d) = -d - 3. Let y be w(-3). Let h be (y + 5)*39/5. Suppose -3*j + h + 6 = 0. What is the tens digit of j?
1
Let o be 14/(6 + -3 + -5). Let t(c) be the second derivative of -c**4/12 - 5*c**3/3 - 11*c**2/2 - 7*c. What is the tens digit of t(o)?
1
Let r = 23 - 15. Let f(p) = -p**3 + 8*p**2 + p - 1. Let b be f(r). What is the tens digit of 79/b + 16/(-56)?
1
Let o = 10 + 48. Suppose 2*w + 3*m - 469 = o, -2*w = 2*m - 522. What is the tens digit of w?
5
Let h(t) be the third derivative of t**6/120 - t**5/15 + t**4/12 - 5*t**3/6 - 4*t**2. Let q be h(4). Suppose -86 - 79 = -q*u. What is the units digit of u?
5
Let m(s) = s + 39 - 8*s + 4*s. What is the units digit of m(-21)?
2
Let k(m) = -m - 4. Let f be k(-5). Let h be ((0 + f)/1)/(-1). What is the units digit of 1/(-2)*(-35 + h)?
8
Suppose 5*g - 4*r - 88 = -2*r, -4*r + 64 = 5*g. Let f = 1 + -1. Suppose n + 0 - g = f. What is the units digit of n?
6
Let a = 1645 - 906. Suppose 0 = -9*g + 1772 + a. What is the tens digit of g?
7
Suppose 0*f = -5*f + 50. Let n be (36/f)/(14/105). Suppose -6 = 3*y - n. What is the units digit of y?
7
Let o(c) = 7*c**2 + c - 43. What is the tens digit of o(-8)?
9
Let g = 422 + -126. Let d = 504 - g. What is the units digit of d?
8
Let u(k) = k**3 - 10*k**2 - 9*k - 9. Let c be u(11). Suppose 79 = l + c. What is the units digit of l?
6
Let h(x) = 7*x**3 + 10*x**2 - 13*x - 9. What is the units digit of h(6)?
5
Suppose q + 2*k + 6 = 0, -5*q + 30 = -k - k. Suppose 4*y = -5*v + v + 392, q*v - 404 = 2*y. What is the hundreds digit of v?
1
Let l(o) = -5*o**3 + o**2 + 2*o + 1. Let u = -31 - -17. Let s be 16/40 + u/10. What is the units digit of l(s)?
5
Suppose 39*c - 5125 = -2*c. What is the tens digit of c?
2
Suppose 0 = -5*x + 3*k + 391, 10*k - 5*k + 318 = 4*x. What is the tens digit of x?
7
Suppose 1192 - 2952 = -5*u. What is the units digit of u?
2
Suppose 9*p = 3*p + 780. Let q = p - 60. What is the tens digit of q?
7
What is the units digit of (41 + 6 - 3)*2?
8
Suppose 4*m - 4*d = -m + 23, -4*d = 3*m - 33. What is the units digit of ((-4)/m)/2 + 22704/231?
8
Let y(b) = -4*b - 53. Let g be y(-14). Let u(m) = m**3 - 2*m**2 + m. Let p be u(2). What is the units digit of (p - 5)*(-40)/g?
0
Suppose z - 9 - 3 = 2*g, -z - 20 = 2*g. Let d be (-217)/4 + g/(-32). Let l = -34 - d. What is the units digit of l?
0
Let q = 6023 + -3809. What is the tens digit of q?
1
Suppose -a + 2*a = 2. Suppose 2*t + 6 = -5*d, 3*d - 6*t + a*t - 12 = 0. Suppose d = 5*f + 4*s - 81, -f - 6 = -5*s + 1. What is the units digit of f?
3
Suppose 5*t = 21 - 6. Suppose 1 - 22 = -t*p. Suppose -a = 5 - p. What is the units digit of a?
2
Let c(b) = 3*b**2 - b + 62. What is the hundreds digit of c(-13)?
5
What is the units digit of (-180)/(-210)*14/4*75?
5
Let k = -402 - -4787. What is the thousands digit of k?
4
Let q = 3 + 2. Suppose -4*v + 24 = 3*a, 12 = -q*a - 8. Suppose -v*d = -6*d - 66. What is the units digit of d?
2
Let g(c) = 32*c**2 - 26*c + 48. What is the tens digit of g(6)?
4
Suppose 2*m - 5 = 5. Let n(g) = -2*g**2 - 4*g + 3. Let r(a) = -5*a**2 - 7*a + 6. Let j(q) = -7*n(q) + 3*r(q). What is the units digit of j(m)?
7
Suppose 62 = 4*t + 5*o - 55, 2*t + o - 57 = 0. What is the units digit of (15 + -9)*t/(-3)*-1?
6
Let y(i) = 18*i + 314. What is the units digit of y(24)?
6
Let c = -1004 - -3198. What is the tens digit of c?
9
Let z(n) = n - 1. Let v be z(4). Suppose 4*p - 2*k = v*k + 109, 0 = -5*k - 25. Let g = p - 7. What is the tens digit of g?
1
Let n = 1293 - 940. What is the hundreds digit of n?
3
Suppose 16 = 7*k - 3*k - 4*u, 0 = k + u - 4. Suppose x - 75 = -k*x. Let m = -9 + x. What is the units digit of m?
6
Suppose -14236 - 14282 = -21*w. What is the thousands digit of w?
1
Suppose -3*y + 45 = 3*f, f + 2*f - 2*y = 20. Let t = 4 + f. What is the tens digit of t - 0*2/4?
1
What is the units digit of ((-48)/60)/(14/(-7035))?
2
Let u = -58 + 33. Let p = -82 - -150. Let m = u + p. What is the tens digit of m?
4
Let p = 107 + -63. Suppose -2*t = -198 + p. What is the tens digit of t?
7
Let a(v) = -109*v**3 + 2*v**2 - 5*v + 4. Let j(k) = k**3 - k + 1. Let z(i) = a(i) - 5*j(i). What is the units digit of z(-1)?
5
Suppose 3*n + r + 1567 = 0, 2*r + 3*r + 20 = 0. Let i = -217 - n. What is the hundreds digit of i?
3
Suppose 4*v = -0*v + 56. Let i = 2 + v. Suppose 5*m - 54 - i = 0. What is the units digit of m?
4
Let m(b) = 3*b**3 - 14*b**2 - b - 30. What is the units digit of m(6)?
8
Suppose -4*j + 4*n + 14932 = 0, -j - 1089 = 2*n - 4837. What is the hundreds digit of j?
7
Let g(y) = -8*y**3 + 4*y**2 + 13*y. Let m(a) = 4*a**3 - 2*a**2 - 7*a. Let j(n) = 4*g(n) + 7*m(n). Let v be 2 + (-2 + 6)*-1. What is the units digit of j(v)?
4
Suppose 20463 + 831 = 26*y. What is the hundreds digit of y?
8
Suppose -a - n = -2, 4*a + 2*n = 3*a + 7. Let u be (296/(-12))/(a/9). Suppose -2*z + 5*r = -u, -z - 3*r = -0 - 15. What is the tens digit of z?
2
Suppose -5*z = -m + 1167, -8*z + 5 = -9*z. What is the thousands digit of m?
1
Let v(j) = 2*j**2 + 80*j - 148. What is the units digit of v(-50)?
2
Suppose 2858 = 2*y + 262. What is the hundreds digit of y?
2
Suppose 6*v - 2065 + 373 = 0. Suppose -10*a = v - 1282. What is the tens digit of a?
0
Suppose 30516 = 8*r + 4*b, -2*r + 9*b + 7633 = 6*b. What is the tens digit of r?
1
Let f(n) = -2*n + 10. Let m be f(4). Suppose 4*c - 470 = -m*u, 4*u - 5*c - 1205 = -u. What is the hundreds digit of u?
2
Suppose -5*j - 2 = -q, 3*q = -q + 8. Suppose j*b - b = -1. Let n(d) = 23*d. What is the tens digit of n(b)?
2
Let q = 48 + -46. Suppose -q*p - 2 = 0, -3*l = 4*p - 0*p + 1. What is the units digit of l?
1
Let i(a) be the second derivative of a**3/2 - 4*a**2 - 4*a. What is the units digit of i(5)?
7
Suppose 5219 = -14*d + 31*d. What is the hundreds digit of d?
3
What is the units digit of -358*((-16)/(-4) + 77/(-14))?
7
Let x = -82 - -142. Let k = -44 + x. What is the tens digit of k?
1
Suppose 28*r = 279 + 4117. What is the units digit of r?
7
What is the thousands digit of ((-231)/(-21))/((-2)/(-574))?
3
Let h(p) = -209*p + 154. What is the units digit of h(-6)?
8
Let l(v) = -4*v**3 - 2*v**2 + v + 2. Let b be l(-2). What is the units digit of (b/(-2))/(12/(-18))?
8
Let w be ((-2)/6)/(1/(-6)). Suppose 8*n + 39 = 15. What is the units digit of 3 + n - w - -33?
1
Let f be 8*(-5)/(-40) - (14 + 4). Suppose -2*g + 12 = -4*g. Let w = g - f. What is the tens digit of w?
1
Let t be -12 + (-1)/(2/(-154)). Suppose -2*g + 98 + 6 = 0. What is the units digit of (-84)/(-5) - g/t?
6
Let d(k) = -9*k + 4. Let i be -8 - (4 + -4)*1. What is the tens digit of d(i)?
7
Suppose 2*x + 8 + 78 = 0. Let a(y) = -y**3 - 12*y**2 - y - 10. Let w be a(-12). What is the units digi